d 78832.
16
Calculate the greatest common factor of 915 and 33330.
15
What is the highest common divisor of 1332 and 72668?
148
Calculate the greatest common factor of 532 and 21508.
76
Calculate the greatest common factor of 92 and 86066.
46
What is the greatest common divisor of 78 and 70005?
39
What is the greatest common divisor of 2432 and 28215?
19
Calculate the greatest common factor of 3829 and 1043.
7
Calculate the highest common divisor of 495 and 1133385.
165
What is the greatest common divisor of 4 and 200924?
4
What is the greatest common factor of 197834 and 98?
14
What is the greatest common factor of 340 and 56185?
85
Calculate the greatest common divisor of 5909 and 38.
19
What is the greatest common divisor of 1040091 and 65?
13
Calculate the highest common factor of 299 and 118105.
299
What is the highest common divisor of 21 and 70341?
3
What is the highest common divisor of 3088 and 1279204?
772
Calculate the greatest common factor of 65040 and 1176.
24
What is the highest common divisor of 10143 and 1564?
23
What is the highest common divisor of 76 and 115064?
76
What is the greatest common factor of 603080 and 40?
40
Calculate the greatest common factor of 362023 and 163.
163
Calculate the highest common divisor of 4183 and 2581.
89
Calculate the highest common factor of 12804 and 1452.
132
What is the greatest common factor of 1965 and 749975?
655
Calculate the greatest common factor of 10402 and 392.
14
What is the highest common factor of 29632 and 178718?
926
Calculate the highest common factor of 7614 and 378.
54
Calculate the highest common factor of 4030 and 103540.
310
What is the greatest common factor of 8298 and 1098?
18
What is the greatest common factor of 115800 and 386?
386
What is the highest common factor of 77 and 27622?
7
What is the highest common divisor of 17561 and 1751?
17
Calculate the greatest common divisor of 6801888 and 64.
32
Calculate the greatest common divisor of 445 and 63813.
89
Calculate the greatest common factor of 8625645 and 973.
973
Calculate the greatest common factor of 852828 and 36.
12
Calculate the highest common divisor of 5000 and 320200.
200
Calculate the highest common factor of 648 and 1064.
8
What is the greatest common divisor of 247198 and 14?
14
What is the greatest common factor of 20619 and 11218?
79
What is the highest common divisor of 80 and 1300240?
80
What is the greatest common factor of 327 and 14779419?
327
Calculate the greatest common factor of 3381660 and 90.
90
What is the greatest common factor of 96 and 49908?
12
Calculate the highest common divisor of 199 and 1257083.
199
What is the greatest common divisor of 45725 and 6195?
295
What is the highest common divisor of 627945 and 15?
15
What is the highest common factor of 1116 and 2976?
372
What is the highest common divisor of 1951482 and 104?
26
What is the greatest common factor of 1162 and 1640744?
1162
What is the highest common factor of 7392 and 99?
33
Calculate the highest common divisor of 4268 and 1518341.
1067
Calculate the highest common factor of 94468 and 2508.
836
What is the greatest common divisor of 18284 and 11754?
1306
Calculate the highest common divisor of 2786058 and 198.
198
What is the greatest common factor of 79 and 174985?
79
Calculate the greatest common factor of 501331 and 213.
71
Calculate the greatest common divisor of 238864 and 40.
8
What is the greatest common factor of 588 and 20972?
196
Calculate the highest common divisor of 41902 and 9198.
1022
What is the greatest common divisor of 1798 and 134416?
62
Calculate the greatest common factor of 44768 and 64.
32
Calculate the highest common factor of 17184 and 250242.
1074
Calculate the greatest common factor of 1466 and 676559.
733
What is the greatest common factor of 22595302 and 1346?
1346
What is the highest common factor of 3685 and 1045?
55
Calculate the greatest common factor of 735 and 2016.
21
What is the greatest common factor of 364544 and 32?
32
Calculate the greatest common factor of 61686 and 69.
69
What is the greatest common divisor of 100 and 2860960?
20
Calculate the greatest common factor of 363720 and 35.
35
What is the highest common divisor of 79254 and 1785?
357
What is the greatest common divisor of 311262 and 18?
6
Calculate the highest common divisor of 1826 and 113234.
22
Calculate the highest common factor of 855 and 343935.
45
Calculate the greatest common divisor of 945 and 6335.
35
What is the greatest common factor of 428740 and 6188?
884
What is the greatest common divisor of 48 and 88248?
24
What is the highest common divisor of 364 and 113308?
52
Calculate the highest common factor of 1063400 and 409.
409
Calculate the greatest common divisor of 348 and 961089.
87
What is the highest common factor of 237894 and 310?
62
What is the highest common divisor of 820 and 8405?
205
What is the greatest common factor of 1403 and 85353?
23
Calculate the greatest common factor of 1068001 and 363.
11
Calculate the greatest common factor of 700 and 725.
25
Calculate the highest common factor of 97 and 144239.
97
What is the greatest common divisor of 108 and 159672?
12
Calculate the highest common divisor of 18730 and 70.
10
What is the greatest common factor of 464 and 28942?
58
Calculate the greatest common divisor of 2303 and 13489.
329
Calculate the greatest common divisor of 85 and 26503.
17
What is the highest common factor of 1522311 and 2042?
1021
What is the greatest common factor of 18 and 25623?
9
What is the highest common factor of 78 and 1465737?
39
What is the greatest common divisor of 1110 and 40700?
370
Calculate the highest common factor of 23 and 5842.
23
What is the greatest common divisor of 588 and 5742114?
294
What is the greatest common factor of 70320 and 30?
30
Calculate the greatest common factor of 59986 and 52866.
178
Calculate the highest common divisor of 54 and 120942.
18
What is the highest common factor of 37700 and 332050?
1450
Calculate the greatest common divisor of 270 and 289830.
30
What is the highest common factor of 4440 and 140?
20
Calculate the greatest common factor of 18900 and 1050210.
630
Calculate the highest common factor of 4562 and 2.
2
Calculate the greatest common divisor of 51 and 46.
1
What is the greatest common factor of 209 and 71801?
19
Calculate the highest common divisor of 1083 and 84873.
57
Calculate the greatest common divisor of 679 and 728.
7
What is the highest common factor of 424 and 305015?
53
Calculate the greatest common factor of 11026 and 143636.
298
Calculate the highest common factor of 36 and 6292.
4
Calculate the highest common factor of 25752 and 377.
29
Calculate the highest common divisor of 30290 and 130.
130
Calculate the highest common divisor of 3456 and 20016.
144
Calculate the greatest common factor of 764218 and 312.
26
Calculate the greatest common factor of 299 and 231127.
299
Calculate the greatest common divisor of 306325 and 25.
25
What is the greatest common divisor of 444 and 696?
12
What is the greatest common factor of 1019040 and 12?
12
Calculate the greatest common divisor of 116 and 11107.
29
Calculate the highest common divisor of 620 and 1096470.
310
Calculate the greatest common factor of 70247 and 706.
353
Calculate the greatest common divisor of 434 and 1185254.
434
Calculate the highest common factor of 22 and 139183.
11
Calculate the greatest common factor of 480 and 12712080.
240
Calculate the greatest common divisor of 8985 and 600.
15
What is the highest common divisor of 226634 and 282?
94
Calculate the greatest common divisor of 67388 and 544.
68
What is the highest common divisor of 88158 and 252?
42
Calculate the greatest common divisor of 84 and 19584.
12
What is the greatest common divisor of 130176 and 49833?
1017
Calculate the highest common factor of 614 and 254503.
307
Calculate the greatest common divisor of 56 and 172886.
14
Calculate the greatest common factor of 230 and 21574.
46
Calculate the highest common factor of 1148 and 3116.
164
Calculate the greatest common factor of 123 and 400857.
123
What is the greatest common divisor of 43616 and 174?
58
Calculate the greatest common divisor of 11175 and 325.
25
What is the greatest common divisor of 1458 and 43?
1
Wh